9) + 55?
59
What is -32 + 12 + 8 + (30 - 19)?
-1
Evaluate (-600 - -640 - (-72 + 1)) + 20.
131
What is the value of (19 - 2 - (-174 - -190)) + -57?
-56
Evaluate 10 + -4 + -13 + 17 + 2 - 0.
12
What is the value of -16 - (1 - (35 + 13 + -21))?
10
What is 33 + -73 + (-13 - (-41 - -17))?
-29
Calculate (-7 - -13) + -7 + -12 + -25.
-38
What is the value of -11 + 2 - (-66 + -3 + 2 + 11 + -4)?
51
Calculate (0 - -45) + 190 + -206.
29
(-3 - -2 - 11) + -228 + (111 - -22)
-107
85 - (-30 - -14) - (-19 + 2 + 2)
116
Calculate -4 + (-2 + -40 - (72 - 88)) + 14.
-16
Evaluate (66 - 4) + -63 - (8 - (-1 + 1)) - 31.
-40
-2 + -140 + (2 - (-2 + 2)) - (-14240 + 14233)
-133
Calculate -77 - (-2 + 2 + 0) - (32 + (-95 - -60)).
-74
What is the value of 10 + (3 + 9 - -10 - 16) + 43?
59
What is (-46 - -109) + -107 - 61?
-105
(20 - (13 + (-10 - (13 + -7)))) + 4
27
What is the value of 66 + (-26 - 55) + -26?
-41
What is the value of 0 - 24 - (1 - 29) - -18?
22
What is the value of -24 - (-55 + (11 - (-6 - -38)))?
52
What is the value of 0 - 4 - (19 - 13 - 13 - (-4 + 9))?
8
Calculate 3 + 1 + -85 + 39 + -3 + -8 + -16.
-69
What is the value of -42 - (-143 - -9) - 33?
59
What is 0 + 11 - (-67 + 44 + -13 - 18)?
65
Calculate 150 + (52 - 147 - -39).
94
7 - ((-2 - -3) + -3 - (35 + -8) - -4)
32
64 + 57 + -100 - (0 - -23)
-2
-46 - (-16 - (-5 - (26 + 2)))
-63
Evaluate 6 - (-128 - 1 - 24 - -41).
118
What is 11 + (5 - 1) + -6 - 7 - -73?
75
Calculate 40 + (7 + -1 - (32 - (-5 - -23))).
32
-30 - ((1 - 1) + 6 - (-112 - (-110 + -15)))
-23
Calculate -46 - -86 - (-3 - -28).
15
427 - 431 - (6 - -21 - (-1 - -5))
-27
What is (-5634 - -5706) + (1 + -19 - -2)?
56
Calculate -36 - (-58 - (93 + -24)).
91
What is the value of -43 - (0 + -4 + -7 + -15 + 29 + -4)?
-42
What is the value of (-2 - -20) + -20 - ((11 + -2 - 0) + 27)?
-38
Evaluate 180 + -127 + -5 + 3 + (-2 - (-5 - -5)).
49
Evaluate -83 + 89 + (-4 + -5 + 8 - -4) + -31.
-22
What is 26 + -1 + 15 + (-72 - -44 - -17)?
29
Calculate 141 + 1 - (-182 - (-243 - -42)).
123
Calculate -12 - 2 - (-58 + (69 + -26 - 26)).
27
Calculate 44 + (24 + 29 - 92).
5
What is -586 + 634 - (31 + 0)?
17
What is -8 - (-2 + 3) - (-25 + (-1 - 24))?
41
What is -33 - 10 - -17 - -37?
11
What is 54 + 0 + (-42 - -40) + -12?
40
What is 996 + -1030 + (-2 - 1 - 13)?
-50
(-9 - (3 - (-4 - -8))) + 25 - 161
-144
Evaluate -14 + 16 - 0 - (-17 + 78) - -8.
-51
-58 - -2 - (-33 + 36 - -4)
-63
Calculate 13 + (3 - 10) + -15 - (-70 + 14).
47
What is the value of 161 + (-59 - (-34 + 63))?
73
-2550 + 2509 + 64 + 1
24
What is 14 + (-44 - -53 - 1)?
22
What is (-70 - -71) + (-4 - (1 + 0)) - (292 - 294)?
-2
-51 - ((-574 - -577) + (-1 - (-1 + 2) - -1))
-53
Calculate (-1 + -1 - 3) + 7523 + -7493.
25
Calculate -18 - (64 + (2 - 7 - 1) - -7).
-83
Calculate (73 - (11 - -92)) + (22 - 1).
-9
2 + -66 + (-2 - -1) - (5812 + -5832)
-45
-14 + -38 + 8 + (12 - -5)
-27
What is (-263 - -222) + (-20 - -58)?
-3
5 + (-24 - 36) + 2 + 20
-33
What is the value of (-10 - (4 - (16 + -9))) + (0 - -8)?
1
(-53 - (-1 - -5) - (69 + -70)) + -3 + 11
-48
Evaluate 0 + 102 + -50 + -18.
34
Evaluate -6 + (23 - 12) - (-5 + (94 - 9)).
-75
Evaluate -2 + -2 + -37 - (-22 + (16 - (-46 + 36))).
-45
Evaluate (-94 - -117) + (1 + -5 - -16 - -3).
38
What is (-1 - 4) + -163 + 241 + -66?
7
What is 576 - 569 - (-3 + (-32 - (-1 - 3)))?
38
What is the value of 143 + 61 + -42 + -105?
57
Evaluate 1 + 4 + (19 - (9 + 1 - -1)) + -3.
10
What is -6 + (31 - -35 - 50 - (-24 - -2))?
32
59 - (2 + 6 + 8 - (-3 - (-6 - 5)))
51
Evaluate (462 - 420) + (-2 - 36) + (-1 - (86 - 1)).
-82
What is -44 - 37 - (-257 + 294)?
-118
(-16 + -5 - 30) + 27
-24
What is the value of (-17 - (30 + -10)) + -18 - 0?
-55
(8 - 11) + 13 - (-19 + 49) - -34
14
1 + 1 + -1 + 0 + (98 - (166 + -43))
-24
Evaluate (-200 + 140 - -350) + -153.
137
Evaluate (368 - 350) + 6 + 3.
27
(19 + (16 - 26) + (1 - 9) - 89) + 12
-76
Calculate 135 - ((64 - 49) + 71).
49
What is (18 - (-29 - -36)) + -15 + 0 + 40?
36
Evaluate 11 - (-134 + 119 - (-2 + -26)).
-2
What is -45 + 4 + 96 + 5 + -23 + 1?
38
What is the value of (44 - 52) + 6 + -5 + -8 + 70?
55
Calculate (-3 - -4) + 1475 + -1355.
121
What is (-43 - (-8 - -7) - (0 - -3)) + -58 + 51?
-52
Evaluate (-19 - (1 + 1 + -1)) + (3907 - 3921).
-34
What is 2 + (-103 - (-7 + 8) - (0 + -10)) + 12?
-80
What is the value of 20 - (109 - (91 - 45))?
-43
Calculate 2 - (-56 - ((-19 - (15 + 5 + -17)) + 12)).
48
What is 8 - ((-4 - (-2 - 5)) + 0) - (43 + 19)?
-57
11 + -3 + (-20 + 34 - 4) + (-83 - 2)
-67
What is the value of 37 + -9 + -24 + 0 + -5?
-1
-1 + 3 + 18 + (-634 - -619)
5
Evaluate -21 - (26 + -38) - -2.
-7
Evaluate -65 + (48 - 43 - (4 + (0 - 7))).
-57
(-2 + 7 - 4 - (2 + -1)) + (6604 - 6624)
-20
57 + (-27 + 1 + 0 - -35)
66
Calculate (40 - 21) + -25 - (8 + (31 - 3)).
-42
2 + 0 + (40 - (11 + 16)) + (-16 - -7)
6
What is 17 - (8 + -39 + -4 + -1 + -8)?
61
What is the value of (-104 - -23) + (10 - -37)?
-34
13 + 0 + (-69 + 69 - -20)
33
Evaluate 15 + -39 + 98 - (-4 + 7 - -7).
64
Evaluate 36 - (28 + -11 + 12 + -14).
21
Calculate -16 + (20 - -11) - -26.
41
Evaluate -21 - ((21 - (-12 + 5)) + -19).
-30
Evaluate -989 + 953 - (1 - 59).
22
Evaluate 41 + -54 - -12 - -41.
40
(2 - 0 - -8) + (33 - (18 - 42 - -44))
23
Calculate 9 - 28 - (-21 - (-20 + (22 - 18))).
-14
What is -24 + 36 + -16 - (49 + -15)?
-38
Calculate (-22 + 22 - -39) + -8.
31
What is 101 + -129 + 130 + -52?
50
What is the value of -9 + (99 - 37) + -44?
9
Calculate (-2 + -7 + 0 - 3) + (-178 - -134) + 44.
-12
Calculate -160 + 28 + 225 - 15.
78
1 - 29 - (110 + (-342 - -156))
48
Calculate 10 + 16 + (53 - -1).
80
What is (-1 - 8) + -3 + (33 - 78 - -32)?
-25
What is the value of 22 + (-234 - -211 - (-4 + 1))?
2
What is the value of (4 - 12) + 18 + (3 - (21 - 12))?
4
What is the value of (-21 - -18) + 23 + -2 + -12?
6
What is 56 - (19 - (10 + 7) - (-13 + 12))?
53
Evaluate -39 + (9 - 19) - -19 - -47.
17
Evaluate 5 - 79 - -48 - 46.
-72
What is the value of 30 - (-130 + 112 - -125)?
-77
What is the value of 11 + -121 + 56 - (-21 + -2)?
-31
Evaluate -14 - 19 - (42 + -73).
-2
What is -11 - (-12 + (-4 - 1 - -18))?
-12
What is the value of -34 - -29 - 31 - -15?
-21
13 + (-3 - 0) - (-4 + (12 - 2)) - -61
65
What is 136 + -58 + 41 - 42 - (-17 + 1)?
93
-32 + 48 + 0 + -2 - (-10 + 6)
18
What is -2 + 27 + 176 + -237 - (-4 - (-17 - -3))?
-46
(-11 - -4 - (-7 + 6)) + -7
-13
Calculate 9 + 25 - (907 + -744).
-129
-24 + 1 + -30 + 41
-12
What is the value of -9 - (5 + 11 + 3 + -7 - 84)?
63
Calculate (1 - 0) + (10 - -13 - 11) + -55.
-42
Evaluate 94 - (3 - (4 - (11 + -22 - -7)) - -4).
95
What is 2 + 85 + (3 + (-7 - -14 - -3) - 2)?
98
What is 31 - (31 - (72 + -27))?
45
Evaluate (-1 + -49 - 2) + -21 + 55 + -14.
-32
Calculate -30 + 76 + -8 + -4.
34
What is -11 + (232 - 250) + -1 + 32 + (-2 - 51)?
-51
Calculate (-66 - -59) + 14 + 14 + -1 + 1 + 1.
22
What is (-8 - -1) + 51 - (144 + -166)?
66
(9 + -3 - 28) + -91 + 104
-9
0 + -32 + (35 + -27 - -51)
27
-55 - -177 - (176 - 32)
-22
Calculate 1 + 29 - (-53 + (5 - 34) + 105).
7
Calculate 0 + -2 - 1 - (-63 + 119 - -3 - 66).
4
What is -53 + -34 - -7 - (0 + (-9 - (7 - 5)))?
-69
What is the value of 21078 + -21087 + 0 + -1 + 0 + -146?
-156
Calculate -15 + (4 - (5 - (7 - (10 - 18)))) - -56.
55
Evaluate -1 + (-12 - (107 + (-33 - -2))).
-89
Calculate -45 + (-71 - (-69 - 128)).
81
Evaluate -14 + -41 + 43 + 26 + 17.
31
Calculate (0 - 20 - (-31 - (-9 + 14 + -28))) + -104.
-116
What is 1 + 3 + 37 + -25 + 24 + 21 + 20?
81
Evaluate -4 + (37 - (-6 - (-26 + 12 + 9))) + -3.
31
What is the value of 49 + (-4 + 12 - (-23 + 27 + (-3 - -1)))?
55
Calculate -6 + 87 - 54 - 7.
20
-15 + (-94 - -75 - (4 + -28)) + (-1 - -108)
97
Calculate 11 - (-21 - 14) - 75.
-29
113 - 4 - (2 + -22 + 42 + 1 - 15)
101
(-24 - -8) + 27 - (11 - 2) - -75
77
What is -40 + (2 - 3) - -2 - (-78 - -91)?
-52
Calculate -1 - (-1 - -27) - ((-1 + -1 - 37) + 29).
-17
Calculate -42 + (-19 + (-12 - -55) - 29).
-47
What is -99 + -114 + 5 + 115?
-93
Evaluate (-3053 - -3060) + 2 + -70.
-61
Evaluate 1368 + -1419 + 3 + -65 + -1.
-114
Calculate (91 - 110 - -17) + 38.
36
Evaluate 0 + 56 - (-1633 + 1778).
-89
What is the value of (28 - 3) + -82 + (-20 - -36)?
-41
50 + (-16 - 47) + (5 - (2 - 60))
50
What is the value of 139 + -29 + (-4 - 37)?
69
(-8 + 0 - 28) + 146 + 7
117
(8 - 20) + (1 - 